{"id":2,"date":"2015-06-15T13:53:06","date_gmt":"2015-06-15T11:53:06","guid":{"rendered":"http:\/\/musikhof.web05deb730.alpha-webservice.com\/?page_id=2"},"modified":"2025-01-03T11:37:39","modified_gmt":"2025-01-03T10:37:39","slug":"beispiel-seite","status":"publish","type":"page","link":"https:\/\/www.musikhof.de\/","title":{"rendered":"Musik Elektronik   &#8211; Qualit\u00e4t seit 30 Jahren &#8211;"},"content":{"rendered":"\n\t\t<!-- MasterSlider -->\n\t\t<div id=\"P_MS5e3026ed9e3c3\" class=\"master-slider-parent msl ms-parent-id-4\" style=\"max-width:800px;\"  >\n\n\t\t\t\n\t\t\t<!-- MasterSlider Main -->\n\t\t\t<div id=\"MS5e3026ed9e3c3\" class=\"master-slider ms-skin-default\" >\n\t\t\t\t \t\t\t\t \n\t\t\t\t<div  class=\"ms-slide\" data-delay=\"3\" data-fill-mode=\"fill\"  >\n\t\t\t\t\t<img decoding=\"async\" src=\"https:\/\/musikhof.de\/wp-content\/plugins\/master-slider\/public\/assets\/css\/blank.gif\" alt=\"\" title=\"\" data-src=\"https:\/\/musikhof.de\/wp-content\/uploads\/2015\/10\/slider-master01.jpg\" \/>\n\n\n\t<div class=\"ms-thumb\" ><div class=\"ms-tab-context\"><div class=&quot;ms-tab-context&quot;><\/div><\/div>\n<\/div>\n\t\t\t\t<\/div>\n\t\t\t\t<div  class=\"ms-slide\" data-delay=\"3\" data-fill-mode=\"fill\"  >\n\t\t\t\t\t<img decoding=\"async\" src=\"https:\/\/musikhof.de\/wp-content\/plugins\/master-slider\/public\/assets\/css\/blank.gif\" alt=\"\" title=\"\" data-src=\"https:\/\/musikhof.de\/wp-content\/uploads\/2015\/10\/slider-master02.jpg\" \/>\n\n\n\t<div class=\"ms-thumb\" ><div class=\"ms-tab-context\"><div class=&quot;ms-tab-context&quot;><\/div><\/div>\n<\/div>\n\t\t\t\t<\/div>\n\t\t\t\t<div  class=\"ms-slide\" data-delay=\"3\" data-fill-mode=\"fill\"  >\n\t\t\t\t\t<img decoding=\"async\" src=\"https:\/\/musikhof.de\/wp-content\/plugins\/master-slider\/public\/assets\/css\/blank.gif\" alt=\"\" title=\"\" data-src=\"https:\/\/musikhof.de\/wp-content\/uploads\/2015\/10\/kabel2.jpg\" \/>\n\n\n\t<div class=\"ms-thumb\" ><div class=\"ms-tab-context\"><div class=&quot;ms-tab-context&quot;><\/div><\/div>\n<\/div>\n\t\t\t\t<\/div>\n\t\t\t\t<div  class=\"ms-slide\" data-delay=\"3\" data-fill-mode=\"fill\"  >\n\t\t\t\t\t<img decoding=\"async\" src=\"https:\/\/musikhof.de\/wp-content\/plugins\/master-slider\/public\/assets\/css\/blank.gif\" alt=\"\" title=\"\" data-src=\"https:\/\/musikhof.de\/wp-content\/uploads\/2015\/10\/kabel3.jpg\" \/>\n\n\n\t<div class=\"ms-thumb\" ><div class=\"ms-tab-context\"><div class=&quot;ms-tab-context&quot;><\/div><\/div>\n<\/div>\n\t\t\t\t<\/div>\n\t\t\t\t<div  class=\"ms-slide\" data-delay=\"3\" data-fill-mode=\"fill\"  >\n\t\t\t\t\t<img decoding=\"async\" src=\"https:\/\/musikhof.de\/wp-content\/plugins\/master-slider\/public\/assets\/css\/blank.gif\" alt=\"\" title=\"\" data-src=\"https:\/\/musikhof.de\/wp-content\/uploads\/2015\/10\/slider-master05.jpg\" \/>\n\n\n\t<div class=\"ms-thumb\" ><div class=\"ms-tab-context\"><div class=&quot;ms-tab-context&quot;><\/div><\/div>\n<\/div>\n\t\t\t\t<\/div>\n\n\t\t\t<\/div>\n\t\t\t<!-- END MasterSlider Main -->\n\n\t\t\t \n\t\t<\/div>\n\t\t<!-- END MasterSlider -->\n\n\t\t<script>\n\t\t(function ( $ ) {\n\t\t\t\"use strict\";\n\n\t\t\t$(function () {\n\t\t\t\tvar masterslider_e3c3 = new MasterSlider();\n\n\t\t\t\t\/\/ slider controls\n\n\t\t\t\t\/\/ slider setup\n\t\t\t\tmasterslider_e3c3.setup(\"MS5e3026ed9e3c3\", {\n\t\t\t\t\t\twidth           : 800,\n\t\t\t\t\t\theight          : 300,\n\t\t\t\t\t\tminHeight       : 0,\n\t\t\t\t\t\tspace           : 0,\n\t\t\t\t\t\tstart           : 1,\n\t\t\t\t\t\tgrabCursor      : true,\n\t\t\t\t\t\tswipe           : true,\n\t\t\t\t\t\tmouse           : true,\n\t\t\t\t\t\tlayout          : \"boxed\",\n\t\t\t\t\t\twheel           : false,\n\t\t\t\t\t\tautoplay        : true,\n\t\t\t\t\t\tinstantStartLayers:false,\n\t\t\t\t\t\tloop            : false,\n\t\t\t\t\t\tshuffle         : false,\n\t\t\t\t\t\tpreload         : 0,\n\t\t\t\t\t\theightLimit     : true,\n\t\t\t\t\t\tautoHeight      : false,\n\t\t\t\t\t\tsmoothHeight    : true,\n\t\t\t\t\t\tendPause        : false,\n\t\t\t\t\t\toverPause       : true,\n\t\t\t\t\t\tfillMode        : \"fill\",\n\t\t\t\t\t\tcenterControls  : true,\n\t\t\t\t\t\tstartOnAppear   : false,\n\t\t\t\t\t\tlayersMode      : \"center\",\n\t\t\t\t\t\thideLayers      : false,\n\t\t\t\t\t\tfullscreenMargin: 0,\n\t\t\t\t\t\tspeed           : 20,\n\t\t\t\t\t\tdir             : \"h\",\n\t\t\t\t\t\tparallaxMode    : 'swipe',\n\t\t\t\t\t\tview            : \"basic\"\n\t\t\t\t});\n\n\t\t\t\t\n\t\t\t\twindow.masterslider_instances = window.masterslider_instances || [];\n\t\t\t\twindow.masterslider_instances.push( masterslider_e3c3 );\n\t\t\t });\n\n\t\t})(jQuery);\n\t\t<\/script>\n\n\n<p>Musik Elektronik<\/p>\n<p>Wir reparieren alles, &#8230;<br \/>\n&#8230; was Musiker brauchen !!!<\/p>\n<p>Gitarren- und Bassverst\u00e4rker (R\u00f6hren- und Transistor) +++ Mischpulte +++ Endstufen +++ Keyboards +++ Tonstudioeinrichtungen +++ Lautsprecher und PA-Anlagen +++ Effektger\u00e4te +++ Lichtanlagen +++ elektr. Klaviere +++ Powermischer +++ Vintage-Amps +++ Vintage-Effektger\u00e4te &#8230;<\/p>\n<blockquote><p>prof. Service f\u00fcr alle:<\/p>\n<p>Yamaha Professional<br \/>\nDynacord<br \/>\nAmpeg<br \/>\nLine 6<br \/>\nKawai<br \/>\nElektro Voice<br \/>\nCasio<br \/>\nElectro Harmonix<br \/>\nRoland<br \/>\nMarshall<br \/>\nKorg<br \/>\nMesa Boogie<br \/>\nFender<br \/>\n&#8230;<\/p><\/blockquote>\n<p>\u00d6tterichweg 7<br \/>\n90411 N\u00fcrnberg<br \/>\nTelefon: 0911 55 91 52<br \/>\nE-Mail: info [ at ] musikhof.de<\/p>\n<h3>Wir von Musik Elektronik w\u00fcnschen euch:<\/h3>\n<h1><span style=\"color: #ff6600;\">Alles Gute f\u00fcr 2025 !!!<br \/>\n<\/span><\/h1>\n<h3><\/h3>\n<h3>&#8230; vor allem Gesundheit, Gl\u00fcck, Zufriedenheit, viele Gigs, Proben, Jam Sessions, Konzerte und alles was Musiker brauchen!<\/h3>\n<p>Bleibt gesund und &#8222;keep grooving&#8220; !!!<\/p>\n<p>Euer Musik Elektronik -Team<\/p>\n<p><strong>\u00a0<\/strong><\/p>\n<blockquote><p><a href=\"http:\/\/musikhof.web05deb730.alpha-webservice.com\/wp-content\/uploads\/2015\/06\/Umzug3.jpg\">\u00a0<\/a><\/p><\/blockquote>\n","protected":false},"excerpt":{"rendered":"<p>Musik Elektronik Wir reparieren alles, &#8230; &#8230; was Musiker brauchen !!! Gitarren- und Bassverst\u00e4rker (R\u00f6hren- und Transistor) +++ Mischpulte +++ Endstufen +++ Keyboards +++ Tonstudioeinrichtungen +++ Lautsprecher und PA-Anlagen +++ Effektger\u00e4te +++ Lichtanlagen +++ elektr. Klaviere +++ Powermischer +++ Vintage-Amps +++ Vintage-Effektger\u00e4te &#8230; prof. Service f\u00fcr alle: Yamaha Professional Dynacord &#8230;<\/p>\n","protected":false},"author":1,"featured_media":0,"parent":0,"menu_order":0,"comment_status":"closed","ping_status":"closed","template":"","meta":{"footnotes":""},"class_list":["post-2","page","type-page","status-publish","hentry","column","threecol"],"yoast_head":"<!-- This site is optimized with the Yoast SEO plugin v27.3 - https:\/\/yoast.com\/product\/yoast-seo-wordpress\/ -->\n<title>Musik Elektronik  - Qualit\u00e4t seit 30 Jahren - Musik Elektronik Werkstatt in N\u00fcrnberg<\/title>\n<meta name=\"description\" content=\"Werkstatt f\u00fcr Musik Elektronik in N\u00fcrnberg. Wir reparieren alles vom Keyboard \u00fcber den marshall amp bis zum Neumann Mikrofon........\" \/>\n<meta name=\"robots\" content=\"index, follow, max-snippet:-1, max-image-preview:large, max-video-preview:-1\" \/>\n<link rel=\"canonical\" href=\"https:\/\/www.musikhof.de\/\" \/>\n<meta property=\"og:locale\" content=\"de_DE\" \/>\n<meta property=\"og:type\" content=\"article\" \/>\n<meta property=\"og:title\" content=\"Musik Elektronik  - Qualit\u00e4t seit 30 Jahren - Musik Elektronik Werkstatt in N\u00fcrnberg\" \/>\n<meta property=\"og:description\" content=\"Werkstatt f\u00fcr Musik Elektronik in N\u00fcrnberg. Wir reparieren alles vom Keyboard \u00fcber den marshall amp bis zum Neumann Mikrofon........\" \/>\n<meta property=\"og:url\" content=\"https:\/\/www.musikhof.de\/\" \/>\n<meta property=\"og:site_name\" content=\"Musik Elektronik Werkstatt in N\u00fcrnberg\" \/>\n<meta property=\"article:modified_time\" content=\"2025-01-03T10:37:39+00:00\" \/>\n<meta name=\"twitter:card\" content=\"summary_large_image\" \/>\n<meta name=\"twitter:label1\" content=\"Gesch\u00e4tzte Lesezeit\" \/>\n\t<meta name=\"twitter:data1\" content=\"1\u00a0Minute\" \/>\n<script type=\"application\/ld+json\" class=\"yoast-schema-graph\">{\"@context\":\"https:\\\/\\\/schema.org\",\"@graph\":[{\"@type\":\"WebPage\",\"@id\":\"https:\\\/\\\/www.musikhof.de\\\/\",\"url\":\"https:\\\/\\\/www.musikhof.de\\\/\",\"name\":\"Musik Elektronik - Qualit\u00e4t seit 30 Jahren - Musik Elektronik Werkstatt in N\u00fcrnberg\",\"isPartOf\":{\"@id\":\"https:\\\/\\\/www.musikhof.de\\\/#website\"},\"datePublished\":\"2015-06-15T11:53:06+00:00\",\"dateModified\":\"2025-01-03T10:37:39+00:00\",\"description\":\"Werkstatt f\u00fcr Musik Elektronik in N\u00fcrnberg. Wir reparieren alles vom Keyboard \u00fcber den marshall amp bis zum Neumann Mikrofon........\",\"breadcrumb\":{\"@id\":\"https:\\\/\\\/www.musikhof.de\\\/#breadcrumb\"},\"inLanguage\":\"de\",\"potentialAction\":[{\"@type\":\"ReadAction\",\"target\":[\"https:\\\/\\\/www.musikhof.de\\\/\"]}]},{\"@type\":\"BreadcrumbList\",\"@id\":\"https:\\\/\\\/www.musikhof.de\\\/#breadcrumb\",\"itemListElement\":[{\"@type\":\"ListItem\",\"position\":1,\"name\":\"Home\",\"item\":\"https:\\\/\\\/www.musikhof.de\\\/\"},{\"@type\":\"ListItem\",\"position\":2,\"name\":\"Musik Elektronik &#8211; Qualit\u00e4t seit 30 Jahren &#8211;\"}]},{\"@type\":\"WebSite\",\"@id\":\"https:\\\/\\\/www.musikhof.de\\\/#website\",\"url\":\"https:\\\/\\\/www.musikhof.de\\\/\",\"name\":\"Musik Elektronik Werkstatt in N\u00fcrnberg\",\"description\":\"Wir reparieren das........\",\"potentialAction\":[{\"@type\":\"SearchAction\",\"target\":{\"@type\":\"EntryPoint\",\"urlTemplate\":\"https:\\\/\\\/www.musikhof.de\\\/?s={search_term_string}\"},\"query-input\":{\"@type\":\"PropertyValueSpecification\",\"valueRequired\":true,\"valueName\":\"search_term_string\"}}],\"inLanguage\":\"de\"}]}<\/script>\n<!-- \/ Yoast SEO plugin. -->","yoast_head_json":{"title":"Musik Elektronik  - Qualit\u00e4t seit 30 Jahren - Musik Elektronik Werkstatt in N\u00fcrnberg","description":"Werkstatt f\u00fcr Musik Elektronik in N\u00fcrnberg. Wir reparieren alles vom Keyboard \u00fcber den marshall amp bis zum Neumann Mikrofon........","robots":{"index":"index","follow":"follow","max-snippet":"max-snippet:-1","max-image-preview":"max-image-preview:large","max-video-preview":"max-video-preview:-1"},"canonical":"https:\/\/www.musikhof.de\/","og_locale":"de_DE","og_type":"article","og_title":"Musik Elektronik  - Qualit\u00e4t seit 30 Jahren - Musik Elektronik Werkstatt in N\u00fcrnberg","og_description":"Werkstatt f\u00fcr Musik Elektronik in N\u00fcrnberg. Wir reparieren alles vom Keyboard \u00fcber den marshall amp bis zum Neumann Mikrofon........","og_url":"https:\/\/www.musikhof.de\/","og_site_name":"Musik Elektronik Werkstatt in N\u00fcrnberg","article_modified_time":"2025-01-03T10:37:39+00:00","twitter_card":"summary_large_image","twitter_misc":{"Gesch\u00e4tzte Lesezeit":"1\u00a0Minute"},"schema":{"@context":"https:\/\/schema.org","@graph":[{"@type":"WebPage","@id":"https:\/\/www.musikhof.de\/","url":"https:\/\/www.musikhof.de\/","name":"Musik Elektronik - Qualit\u00e4t seit 30 Jahren - Musik Elektronik Werkstatt in N\u00fcrnberg","isPartOf":{"@id":"https:\/\/www.musikhof.de\/#website"},"datePublished":"2015-06-15T11:53:06+00:00","dateModified":"2025-01-03T10:37:39+00:00","description":"Werkstatt f\u00fcr Musik Elektronik in N\u00fcrnberg. Wir reparieren alles vom Keyboard \u00fcber den marshall amp bis zum Neumann Mikrofon........","breadcrumb":{"@id":"https:\/\/www.musikhof.de\/#breadcrumb"},"inLanguage":"de","potentialAction":[{"@type":"ReadAction","target":["https:\/\/www.musikhof.de\/"]}]},{"@type":"BreadcrumbList","@id":"https:\/\/www.musikhof.de\/#breadcrumb","itemListElement":[{"@type":"ListItem","position":1,"name":"Home","item":"https:\/\/www.musikhof.de\/"},{"@type":"ListItem","position":2,"name":"Musik Elektronik &#8211; Qualit\u00e4t seit 30 Jahren &#8211;"}]},{"@type":"WebSite","@id":"https:\/\/www.musikhof.de\/#website","url":"https:\/\/www.musikhof.de\/","name":"Musik Elektronik Werkstatt in N\u00fcrnberg","description":"Wir reparieren das........","potentialAction":[{"@type":"SearchAction","target":{"@type":"EntryPoint","urlTemplate":"https:\/\/www.musikhof.de\/?s={search_term_string}"},"query-input":{"@type":"PropertyValueSpecification","valueRequired":true,"valueName":"search_term_string"}}],"inLanguage":"de"}]}},"_links":{"self":[{"href":"https:\/\/www.musikhof.de\/index.php?rest_route=\/wp\/v2\/pages\/2","targetHints":{"allow":["GET"]}}],"collection":[{"href":"https:\/\/www.musikhof.de\/index.php?rest_route=\/wp\/v2\/pages"}],"about":[{"href":"https:\/\/www.musikhof.de\/index.php?rest_route=\/wp\/v2\/types\/page"}],"author":[{"embeddable":true,"href":"https:\/\/www.musikhof.de\/index.php?rest_route=\/wp\/v2\/users\/1"}],"replies":[{"embeddable":true,"href":"https:\/\/www.musikhof.de\/index.php?rest_route=%2Fwp%2Fv2%2Fcomments&post=2"}],"version-history":[{"count":48,"href":"https:\/\/www.musikhof.de\/index.php?rest_route=\/wp\/v2\/pages\/2\/revisions"}],"predecessor-version":[{"id":186,"href":"https:\/\/www.musikhof.de\/index.php?rest_route=\/wp\/v2\/pages\/2\/revisions\/186"}],"wp:attachment":[{"href":"https:\/\/www.musikhof.de\/index.php?rest_route=%2Fwp%2Fv2%2Fmedia&parent=2"}],"curies":[{"name":"wp","href":"https:\/\/api.w.org\/{rel}","templated":true}]}}